llions digit of 41076073?
4
What is the units digit of 249012?
2
What is the hundred thousands digit of 5108453?
1
What is the thousands digit of 29099270?
9
What is the millions digit of 7248346?
7
What is the ten thousands digit of 442479?
4
What is the units digit of 395640?
0
What is the hundreds digit of 7629741?
7
What is the ten millions digit of 29215952?
2
What is the hundred thousands digit of 2176200?
1
What is the tens digit of 2076204?
0
What is the thousands digit of 11524772?
4
What is the ten thousands digit of 167972?
6
What is the units digit of 4095997?
7
What is the ten millions digit of 11480118?
1
What is the units digit of 2272236?
6
What is the hundred thousands digit of 4772276?
7
What is the millions digit of 5092736?
5
What is the ten thousands digit of 2378848?
7
What is the thousands digit of 2249918?
9
What is the hundred thousands digit of 102365?
1
What is the hundred thousands digit of 1177785?
1
What is the tens digit of 217955?
5
What is the tens digit of 1290028?
2
What is the hundreds digit of 274057?
0
What is the hundreds digit of 71182?
1
What is the units digit of 9457353?
3
What is the hundreds digit of 19257?
2
What is the tens digit of 5830204?
0
What is the ten thousands digit of 156044?
5
What is the thousands digit of 3638355?
8
What is the thousands digit of 820460?
0
What is the hundreds digit of 4814?
8
What is the ten thousands digit of 244988?
4
What is the thousands digit of 1387583?
7
What is the ten thousands digit of 1281741?
8
What is the hundred thousands digit of 619734?
6
What is the tens digit of 3794174?
7
What is the tens digit of 7205014?
1
What is the units digit of 4421761?
1
What is the tens digit of 765498?
9
What is the tens digit of 257478?
7
What is the units digit of 27907647?
7
What is the thousands digit of 595423?
5
What is the units digit of 2484354?
4
What is the ten thousands digit of 994808?
9
What is the ten thousands digit of 5427346?
2
What is the hundred thousands digit of 3427453?
4
What is the ten thousands digit of 222099?
2
What is the tens digit of 142646?
4
What is the hundreds digit of 1280965?
9
What is the millions digit of 3668997?
3
What is the tens digit of 8779629?
2
What is the thousands digit of 9366339?
6
What is the hundreds digit of 85997?
9
What is the hundreds digit of 315111?
1
What is the ten thousands digit of 10235260?
3
What is the millions digit of 2345798?
2
What is the units digit of 6865513?
3
What is the ten millions digit of 16957069?
1
What is the hundreds digit of 60391?
3
What is the thousands digit of 3899562?
9
What is the hundreds digit of 22742439?
4
What is the units digit of 15319491?
1
What is the ten thousands digit of 764717?
6
What is the tens digit of 7176275?
7
What is the units digit of 10178202?
2
What is the millions digit of 3667045?
3
What is the units digit of 1592952?
2
What is the units digit of 10711651?
1
What is the ten thousands digit of 8140079?
4
What is the units digit of 748812?
2
What is the tens digit of 22462507?
0
What is the ten thousands digit of 3635642?
3
What is the units digit of 474084?
4
What is the hundred thousands digit of 527590?
5
What is the tens digit of 43941?
4
What is the ten thousands digit of 936585?
3
What is the thousands digit of 47972?
7
What is the units digit of 9724136?
6
What is the hundreds digit of 2945933?
9
What is the hundred thousands digit of 104046?
1
What is the ten thousands digit of 1567771?
6
What is the hundred thousands digit of 42151298?
1
What is the units digit of 2967703?
3
What is the ten millions digit of 20498465?
2
What is the hundred thousands digit of 2278927?
2
What is the ten thousands digit of 10274995?
7
What is the ten thousands digit of 202572?
0
What is the thousands digit of 35106870?
6
What is the ten thousands digit of 1286816?
8
What is the thousands digit of 5052891?
2
What is the hundred thousands digit of 16597875?
5
What is the units digit of 53772?
2
What is the ten millions digit of 20470057?
2
What is the units digit of 1289806?
6
What is the hundred thousands digit of 2496488?
4
What is the units digit of 1036949?
9
What is the ten thousands digit of 118089?
1
What is the units digit of 96742?
2
What is the millions digit of 4707726?
4
What is the ten thousands digit of 1055714?
5
What is the hundreds digit of 818498?
4
What is the units digit of 350379?
9
What is the tens digit of 436912?
1
What is the ten thousands digit of 1353058?
5
What is the hundreds digit of 147657?
6
What is the thousands digit of 2123?
2
What is the ten thousands digit of 1737812?
3
What is the tens digit of 644245?
4
What is the thousands digit of 7128185?
8
What is the units digit of 2152667?
7
What is the ten thousands digit of 156075?
5
What is the units digit of 3160832?
2
What is the tens digit of 8148603?
0
What is the millions digit of 3944071?
3
What is the thousands digit of 251986?
1
What is the hundred thousands digit of 659366?
6
What is the hundred thousands digit of 1343849?
3
What is the hundreds digit of 10337862?
8
What is the thousands digit of 1077534?
7
What is the tens digit of 1269481?
8
What is the tens digit of 1869708?
0
What is the units digit of 5813002?
2
What is the hundred thousands digit of 1331615?
3
What is the tens digit of 99041?
4
What is the tens digit of 444209?
0
What is the hundreds digit of 488357?
3
What is the thousands digit of 2145957?
5
What is the hundred thousands digit of 6115661?
1
What is the units digit of 6735278?
8
What is the ten thousands digit of 3092634?
9
What is the hundreds digit of 10513867?
8
What is the hundred thousands digit of 8830988?
8
What is the hundred thousands digit of 279351?
2
What is the hundred thousands digit of 916035?
9
What is the units digit of 217396?
6
What is the units digit of 855551?
1
What is the ten thousands digit of 1766952?
6
What is the ten millions digit of 15636572?
1
What is the hundred thousands digit of 161500?
1
What is the tens digit of 284339?
3
What is the hundreds digit of 25515?
5
What is the units digit of 1792003?
3
What is the tens digit of 992143?
4
What is the hundreds digit of 587244?
2
What is the tens digit of 1237340?
4
What is the hundred thousands digit of 12076350?
0
What is the millions digit of 8768342?
8
What is the hundreds digit of 5073405?
4
What is the millions digit of 3605705?
3
What is the tens digit of 29576334?
3
What is the units digit of 3136259?
9
What is the ten thousands digit of 5914568?
1
What is the ten thousands digit of 4968698?
6
What is the ten thousands digit of 842643?
4
What is the thousands digit of 98848?
8
What is the tens digit of 428073?
7
What is the tens digit of 537390?
9
What is the thousands digit of 2674386?
4
What is the units digit of 54498?
8
What is the hundred thousands digit of 8312412?
3
What is the hundred thousands digit of 5021648?
0
What is the thousands digit of 1031563?
1
What is the hundred thousands digit of 3195347?
1
What is the hundreds digit of 169201?
2
What is the units digit of 876907?
7
What is the units digit of 8511504?
4
What is the tens digit of 45026?
2
What is the tens digit of 5403030?
3
What is the hundreds digit of 21858292?
2
What is the millions digit of 2774841?
2
What is the thousands digit of 351609?
1
What is the ten thousands digit of 2454221?
5
What is the tens digit of 3608970?
7
What is the millions digit of 9186228?
9
What is the tens digit of 216024?
2
What is the ten thousands digit of 11857?
1
What is the units digit of 6578947?
7
What is the hundreds digit of 5512870?
8
What is the units digit of 31694?
4
What is the ten thousands digit of 24013?
2
What is the units digit of 111763?
3
What is the thousands digit of 1032744?
2
What is the ten thousands digit of 1162835?
6
What is the ten thousands digit of 146596?
4
What is the millions digit of 19517060?
9
What is the units digit of 717567?
7
What is the ten thousands digit of 2567187?
6
What is the hundreds digit of 874625?
6
What is the millions digit of 3807263?
3
What is the tens digit of 184680?
8
What is the hundreds digit of 2093591?
5
What is the tens digit of 168150?
5
What is the millions digit of 1081215?
1
What is the hundreds digit of 2219398?
3
What is the hundred thousands digit of 